ppose 0 = 52*t - 88*t + 216. Let v(j) = j**2 - 5*j - 16. Give v(t).
-10
Let p = 2317 + -1443. Let z be p/8 - 30/(-40). Let r = z - 105. Let s(t) = t**2 - 6*t. Calculate s(r).
-5
Let o(j) be the first derivative of -j**4/12 + 5*j**3/2 - 15*j**2/2 + 12*j + 33. Let q(k) be the first derivative of o(k). What is q(14)?
-1
Let s(h) = -7*h**3 - 23*h**2 - 39*h + 56. Let g(z) = -5*z**3 - 22*z**2 - 25*z + 53. Let b(x) = 3*g(x) - 2*s(x). Calculate b(-20).
-13
Let c(z) = 29*z + 298. Let n be -14 - 450/(-144) - 3/24. Calculate c(n).
-21
Let h(u) = 11*u**2 + 21*u - 100. Let b(y) = 28*y**2 + 43*y - 201. Let c(g) = -2*b(g) + 5*h(g). What is c(10)?
-8
Let w(t) = -18*t - 2. Let f be (9/36*-4)/((-2)/4). What is w(f)?
-38
Let n(m) = m**3 + 11*m**2 - 11*m + 10. Let p be ((-112)/(-98))/(((-3)/7)/(-3)). Suppose -p*u = -43*u - 420. Calculate n(u).
-2
Let z = 41 + -37. Suppose -c = b + 3, -z*c + 0*b - 15 = 3*b. Let k be c - (-3)/((-6)/(-8)). Let u(p) = -4*p - 1. Determine u(k).
7
Let d(k) = -3*k - 3*k - k. Suppose -2*q = 3*v + 1725, 14*q = 5*v + 17*q + 2876. Let z = -578 - v. Calculate d(z).
7
Let l(i) be the second derivative of i**4/6 + 11*i**3/3 + 6*i**2 + 2*i - 357. Give l(-11).
12
Let a(l) = l**3 - 7*l**2 + 6*l + 1. Let r be (((-80)/(-25))/(2/(-40)))/(30/(-30)). Suppose c + 59 = j, 203 = 5*j - 3*c - 90. Let b = r - j. Give a(b).
1
Let l(r) = r**2 + 3*r - 5. Suppose 0 = -n + 1, -3*f - 4*n = -2*f - 567. Let m = -567 + f. Calculate l(m).
-1
Let k(g) = 3*g**2 - 13*g - 7. Let d(u) = 5*u**2 - 25*u - 13. Suppose 3*q + 28 = -q. Let n(b) = q*k(b) + 4*d(b). Let f = 3787 - 3793. Determine n(f).
15
Let s(x) = -x**3 - x**2 - 2*x + 103. Let n(z) = -86*z - 2064. Let c be n(-24). Give s(c).
103
Let a(u) be the first derivative of -2*u**3/3 - 31*u**2/2 + 16*u + 3548. Calculate a(-16).
0
Let y(m) be the second derivative of m**3/3 - 5*m**2/2 - 4659*m. Suppose -5*z = -u - 33, -5*z + 21 = -3*u - 18. Give y(z).
7
Let u(y) = -y**3 - 10*y**2 - 10*y + 24. Suppose 13*j = 3*j - 51 - 39. Give u(j).
33
Let o = 5 - 1. Let l(p) be the second derivative of p**6/360 - p**5/24 + 17*p**4/6 + p - 6. Let t(z) be the third derivative of l(z). Calculate t(o).
3
Let w(i) = 2*i + 2. Suppose 2*a = a + 5*v + 26, 5*v + 20 = 0. Suppose 0 = 5*o + 4*y - 26, 7*o - 3*y = 4*o - a. Let r be w(o). Let p(d) = -d + 5. Determine p(r).
-1
Let t be (-2)/(-9) + (-2568)/(-108). Let l = -31 + t. Let f(r) be the third derivative of r**6/120 + 2*r**5/15 + 11*r**4/24 + 5*r**3/3 + 6*r**2. Calculate f(l).
-18
Let u(s) be the second derivative of -s**4/12 + 5*s**3/3 - 3*s**2/2 - 3662*s. Calculate u(12).
-27
Let i = -123 + 130. Let o(y) = 21*y - 155. Let k be o(i). Let f(b) = -b**2 - 8*b + 8. What is f(k)?
8
Let k = -145 + 154. Suppose -5*y = -2*d + 12, 6*y - 32 = k*y + 5*d. Let m(u) = u**3 + 2*u**2 - 5*u - 2. Give m(y).
-14
Let t = 15 + -21. Let i(w) = -2*w**2 - w**3 - w + 10*w - 17*w**2 + 5*w**3 + 9 + 14*w**2 - 5*w**3. Calculate i(t).
-9
Let o(p) = p**3 - p**2 + 2*p + 3. Let b(z) = z - 10. Let x be b(8). Let w be (-2)/(-4) + x/4 + 3. Suppose 0 = -3*i - w - 3. Calculate o(i).
-13
Let v(m) = -m**2 - 2*m + 1. Let o be v(-2). Suppose l = 2*l - 97. Let f(r) = l*r**2 - 48*r**2 - 43*r**2. Give f(o).
6
Let o(q) = 16*q**2 + 69*q - 1179. Let t be o(-11). Let y(b) be the third derivative of b**5/60 - b**4/12 - b**3/3 + b**2. Calculate y(t).
6
Let f(n) = -n**2 + 7*n - 10. Let c be f(8). Let q = 13 + c. Let b(p) = -3*p - 6 + p - 12 + 15 + 3*p. Calculate b(q).
-8
Let x(q) = -559*q + 6. Let o(v) = -698*v + 7. Let f(u) = 4*o(u) - 5*x(u). Suppose -3*i + 9 = -5*m, 3 = i + 5*m - m. Give f(i).
7
Let f(i) = -i**2 + 9*i - 4. Let b = 1 + 2. Let g(h) = -h**2 + 10*h. Let y(o) = -1. Let r(l) = -g(l) - 4*y(l). Let j(t) = b*f(t) + 2*r(t). Give j(6).
2
Let c(f) = 11*f**3. Suppose 6 = 14*t - 12*t, -108 = -3*z - 2*t. Suppose 10*d = z*d - 24. What is c(d)?
11
Let t(c) = 14*c + 1. Suppose -20 = -5*b - 0*b. Suppose 2*s = -5*w - 161, -2*w = -b*s + s - 232. Let m be (52/s)/(2/(-3)). Give t(m).
15
Let t(n) be the first derivative of -n**3 - 3*n**2/2 + 4*n - 1205. Calculate t(2).
-14
Let t(o) be the second derivative of 0 - 1/120*o**5 + 0*o**4 - 11/360*o**6 + 0*o**2 + 14*o - 11/2*o**3. Let d(n) be the second derivative of t(n). What is d(1)?
-12
Let j be 74/(-2 + -2 + 6). Suppose 271 = j*d + 49. Let g(r) = r**2 - 6*r + 3. Give g(d).
3
Let k(i) = -2*i + 5. Suppose -11*v + 20*v = 36. Calculate k(v).
-3
Let j(u) be the first derivative of -11*u**3/3 + u**2 - u - 1. Suppose -2446*l + 2*d - 12 = -2448*l, 4*l - 2*d + 6 = 0. Calculate j(l).
-10
Let q(j) = j**3 + 9*j**2 + 10*j + 9. Let n = 205 - 116. Let m = n + -62. Suppose 4*y + m = -5. What is q(y)?
-7
Let d(y) = y**3 - 5*y**2 + 4*y - 4. Let n(x) = -16*x - 53. Let o be n(-7). Suppose -7*q - 24 = -o. Suppose -q*i = -38 + 18. Calculate d(i).
-4
Let o(c) = -3*c + 102. Let s be o(21). Let y(d) = -40*d**2 + 85*d**2 - d**3 + 3 - s*d**2. Give y(5).
28
Let o(a) = -4*a + 11. Let v be (-115 - -114)*0/2. What is o(v)?
11
Suppose 0 = -17*o + 13 - 200. Let m(j) = j**3 + 10*j**2 - 10*j + 32. Give m(o).
21
Let n(i) = 88*i - 28. Let b(r) = 141*r - 42. Let f(z) = -5*b(z) + 8*n(z). Give f(-18).
4
Let h(q) be the third derivative of -q**6/120 + 7*q**5/60 + 7*q**4/6 + q**3/6 + q**2 - 38*q - 9. What is h(10)?
-19
Let l(k) = 4*k**3 + 20*k**2 + 16*k + 28. Let r(q) = -9*q**3 - 41*q**2 - 27*q - 54. Let m(s) = 7*l(s) + 3*r(s). Calculate m(-15).
19
Let r(y) = -y**2 + 11*y + 566. Let s be r(30). Let k(t) = -t**3 + 3*t**2 + 29*t + 5. Calculate k(s).
1
Suppose -19*n - 1088 = -439 - 288. Let x(o) = 12*o + 241. Calculate x(n).
13
Let o(a) be the third derivative of -a**6/120 + 17*a**5/60 + 6*a**3 + 6596*a**2. Determine o(17).
36
Suppose 2*t + 3*t - 15 = 0. Let l(o) = o + 0 + 2*o - t + 2. Suppose 4*j - 5*v - 18 = 0, -50*v + 52*v = 2*j - 8. Calculate l(j).
5
Let u(i) = -12*i**2 - 210*i - 209. Let t be u(-1). Let s(z) = z**2 + 9*z - 9. Give s(t).
13
Let h(b) = b**3 + 10*b**2 + 2. Let d be h(-10). Suppose 0 = d*g - 5*g + 9. Let a(f) = 8*f**2 - f**g + 0 + 0*f**3 + 8*f + 12. Determine a(9).
3
Let w(p) = -1025*p - 10. Let f(n) = 879*n + 10. Let o(q) = -7*f(q) - 6*w(q). Suppose 0 = 4*s - 8 + 24. Determine o(s).
2
Let w(k) = k + 19. Let i be (209/55)/(9 + -12 - (-14)/5). What is w(i)?
0
Suppose 0 = 5*x + 4*q - 35, x = -2*x + 3*q - 6. Let l(a) be the third derivative of -a**5/20 + a**4/12 + a**3/2 + 7*a**2 - 5*a. Give l(x).
-18
Let h(s) = -58428*s**2 - 2*s**3 - 4*s + 58435*s**2 + 7 + s**3. Suppose -2*i = -4*y + 24, 3*y = 8*y + 4*i - 43. What is h(y)?
-21
Suppose 6 = 10*g - 14. Let v(t) be the first derivative of 23 + g*t + 2*t - 3*t - 2*t**2 + t. Determine v(6).
-22
Let i(u) be the second derivative of u**3/6 - 13*u**2/2 - 637*u. Give i(-16).
-29
Let s(b) = 3 + b**2 - 7*b + 11*b + 0. Let a(c) = c**3 - 6*c**2 + 73*c - 441. Let p be a(6). Determine s(p).
0
Suppose 4*a = 25 - 1. Let u be (-11)/((-11)/a) - 4. Let d(j) = -2601 + 5*j**u + 2601. Calculate d(-1).
5
Let g(d) = d + 35 + 19 - 58. Determine g(8).
4
Let h(m) be the first derivative of 5*m**2/2 + 58*m + 1311. Determine h(-7).
23
Let k(g) = g**3 + 7*g**2 + 8*g - 12. Let q(n) = -n**2 - 32*n - 65. Let t be q(-30). Give k(t).
-2
Let y(j) = j. Let k(o) = 2*o - 5. Let i(r) = -k(r) - 4*y(r). Let l be i(-1). Let t(n) = -l - 1 + 8 + n. Give t(0).
-4
Let j(t) = -t**2 + 3*t + 1. Let l be 2/(-10) - 4610/(-50). Suppose l = -5*i + 117. Determine j(i).
-9
Let h(d) = -d**2 - 22*d - 37. Let t(q) = -25*q**2 - 631*q - 166. Let a be t(-25). What is h(a)?
59
Let t(f) be the first derivative of 5*f**2 - 1/4*f**4 + 46 - 10*f + 8/3*f**3. Let g be 9 + (0 - 0/1). Give t(g).
-1
Let h(y) = -13*y**3 + 67*y**2 - 13*y + 15. Suppose 0 = 3*d - 11*a + 12*a - 8, -14*d = 3*a - 49. What is h(d)?
0
Let n(a) = a**3 - 10*a**2 - 11*a + 176. Let b be n(9). Let g(c) = c**3 + 2*c**2 - 2*c - 6. What is g(b)?
-30
Suppose 63 + 9 = 4*z. Let d(n) = -3*n**2 + n**2 - z + n**2. Let p(y) = -y**2 + 13*y + 48. Let f be p(-3). Calculate d(f).
-18
Let u(z) = 3*z**3 + 6*z - z + 7*z**2 - 6 - 2*z**3. Let p(k) = -2743*k - 93267. Let j be p(-34). Determine u(j).
19
Let k(z) = -3*z**2 - 3. Let q(x) = -x + 2*x - 7*x**2 - 4 + 4*x**2 - x**2. Let d be (-5)/(-10) - 4/((-32)/(-20)). Let v(n) = d*q(n) + 3*k(n). Give v(-2).
-1
Let q(s) = -s**2 + 3*s - 3. Let g(c) = -3*c*